
59
Calculate 4 + 0 + 21 + -7 - (82 + 1).
-65
What is the value of 18 - ((419 - 426) + (0 - 1))?
26
Evaluate 24 - (-14 + 14 + (-12 - -5) + -4).
35
-55 - (-7 - -4) - (-4157 - -4155)
-50
Calculate (-8 - (20 - 19)) + (-64 + (-2 - 3) - -4).
-74
What is 201 - 229 - (-4 + -1) - 13?
-36
Calculate (0 - 55) + (1 - -6) + 117 + -113.
-44
-3 - (-9 + 6) - 9 - (-16 + -31)
38
Evaluate 3 - ((75 - (27 + -2)) + -9).
-38
What is -11 + 6 + -2 + (8 - -7) - 36?
-28
-43 + (78 - 29) + (-2 + (35 - 3) - 2)
34
What is the value of (-35 - 27) + -24 + -12 + 22?
-76
What is the value of -28 + -1 + (-16 + 2 - (-64 + 42))?
-21
Evaluate 0 + -13 + (119 - -31 - (-2 + (-9 - -23))).
125
What is the value of 3 + 53 + -6 + 20 + -3 + -17?
50
What is the value of -41 - -5 - (-3 + (2 - -5)) - (-31 - -39)?
-48
Calculate -28 + (78 - 163) + 74.
-39
What is the value of (1 - -33) + (0 + -23 - (-134 - -101))?
44
Evaluate (-1 - 62) + (18 + -30 - -6) - (-47 - -51).
-73
What is (52 - 48 - 115) + 212?
101
Calculate 2 + 0 + -14897 + 15033.
138
-92 - (-26 - 14) - -85
33
What is 1 + -2 + 50 + 2 + -26 + -55?
-30
46 - -2 - 55 - -54
47
Calculate (9 - 14) + -6 + -65 + 12 + 8 + 1.
-55
Calculate 71 + -6 + 1 - (-36 + (-52 - -86)).
68
Calculate 1 + (-10 - 0) + -86 + -19 + 84.
-30
Calculate 2 + -33 + (24 + -19 - -11) - -38.
23
Calculate 6 + 1 + (-24 - 15 - -23).
-9
Calculate (2 - -4) + (-3 - (4 - 12)) + 5 + 29.
45
What is -15 - (41 + (-121 - -30))?
35
Calculate -78 - (-5 + (6 + 11 - 15) - -4).
-79
Calculate 4 - (-5 + -22 + 24) - -16.
23
What is 7 + 2 + -20 - ((39 - (-18 - -3)) + -2)?
-63
What is the value of (13 - -1) + (-51 - (-37 - (-27 + 15)))?
-12
-141 - (48 + -36 + -78)
-75
Calculate -24 + (64 - 24 - -8).
24
Calculate (-9 - (-22 + 14)) + 58.
57
What is -66 + 24 - (111 - 135)?
-18
33 + (-27 - -4 - (9 - 36))
37
What is (-81 - (123 - -12)) + 88?
-128
What is the value of (-13 - 1) + (19 + -32 + 26 - -12)?
11
What is (-34 - (-5 + -63)) + -119?
-85
Evaluate -3 - (22 + -8) - (15 - 40).
8
Calculate 0 + 27 - (5545 + -5553).
35
21 - (-4 + 23) - -19 - 16
5
(-2 - 5 - 0) + -16 + 15 - 35
-43
13 - (-14 + 17 + 4) - 15 - -7
-2
What is (67 - (50 - 20)) + -22?
15
What is the value of 9 - (-91 + 45 - (-32 + 42))?
65
Evaluate -39 + (33 - -84) + -51.
27
What is 26 + -6 + 30 + 32 + -92?
-10
What is -88 - -38 - -31 - -28?
9
What is the value of -20 + 32 + (2 - -3) + (40 - 10)?
47
What is the value of (-24 - ((-29 - (-29 - -19)) + 3)) + -6 + 3?
-11
What is -43 - (-33 + (17 - -5) - (2 - 1))?
-31
Evaluate -366 + 385 - (-4 + 1 + -19).
41
Evaluate 61 - (34 + -19 - (11 + -6)).
51
Evaluate (-1 - 0 - 0) + 120 + (-292 - (-445 - -144)).
128
What is -48 + 72 + -33 + 6?
-3
Calculate -2 + -20 + -39 - -52.
-9
Evaluate 37 + (-11 + 10 - 1) - (1 - -4).
30
What is the value of 2 + 1 + 4 + -12 - (0 + -4 - -65)?
-66
What is 804 - 810 - (-5 - (54 + 5))?
58
(-5 + -1 - (26 - (36 + 48))) + 17
69
What is 183 + -189 + (5 - ((-8 - -5) + -1 + 4))?
-1
Calculate 267 - (128 + (-86 - -91)).
134
Calculate 14 - (30 - 25 - (52 + -3)).
58
What is the value of 7 + (27 - (23 + -40 + 14))?
37
Evaluate 25 + (-53 - -20) + 9.
1
What is the value of -63 + 42 - (0 + -20) - (4 - -52 - 2)?
-55
What is 0 + 19 - (-108 + -94 + 166)?
55
What is 48 - (33 + 29) - -55?
41
(-1 - (2 - -4) - -4) + -6 + (3 - 7)
-13
Evaluate -8 + 1 + (-8 + -2 + 14 - (34 - 33)).
-4
-39 - (-3 - (4 - 9) - (27 - 28))
-42
Evaluate (77 - 42 - 27) + -3 + -9 + -1.
-5
What is the value of ((-1 - -2) + 0 + 7 - 0) + 11 + 0?
19
What is 0 + 4 + -42 + 17 + -8 + -13?
-42
Calculate -11 + (-43 - (1 - 0 - 8 - (-761 + 741))).
-67
Evaluate (-6 - 1) + (9 - 1 - -3) + (-22 - -23).
5
What is the value of 1 + -16 + -2 + -6 + -71 + 46?
-48
What is the value of -31 - (-7 + (-1 - (5 - 10 - 3)))?
-31
What is the value of -38 + (-20 - 20) + 140?
62
Calculate -15 - (-24 - -29 - (15 + -4)) - (-1 - 57).
49
Evaluate -2 - (1244 + -1229 - (100 + 1)).
84
What is -1 + -2 - ((-17 - -8) + 2)?
4
(-27 - (22 + -7)) + 18
-24
Calculate (52 - 44) + 23 + (4 - 108).
-73
What is 118 + -56 + -70 + 0 + 45?
37
What is the value of -78 + 46 + -64 - -12?
-84
Calculate 65 + -62 + 65 - -44.
112
Evaluate -2 - 1 - (49 - (34 + (4 - 2))).
-16
What is -118 + 244 - (10 + 7 - 8)?
117
What is -975 + 827 + 32 + (1 - -3)?
-112
Evaluate -7 - (-12 + 9 + 1 + -1) - (-791 - -798).
-11
Calculate -78 + (-6 - ((0 - (4 - 20)) + -4)).
-96
Calculate -8 + 16 + (35 + (13 - 29) - 5).
22
Evaluate -37 - 18 - (-22 - (-4 + 5) - (-66 - -55)).
-43
-30 + (-6 - (20 + -3 + -31))
-22
What is 25 + (-211 - -73) + 54?
-59
Calculate 13 + (-18 + 39 - 12) + -4.
18
Calculate (-15 - 42) + (46 - 21) - (2 + 12).
-46
What is -9 + 0 - (-15 + -13 + (-3 - (-14 + -14)))?
-6
Calculate 76 + (-83 - 16) - (-7 - -1).
-17
What is the value of (190 - 179) + -18 + 2 + (-2 - -6)?
-1
(1442 - 1435 - (21 - (-2 - -2))) + 21
7
Evaluate -2 + 3 + 0 - (-152 + 144 + (-1 - 51)).
61
What is the value of -9 - (6 - (36 - (8 - (14 + 4 + -6))))?
25
-6 + -5 + 11 - (-82 + (13 - 13) - -11)
71
-2 + 2 - -9 - (-57 + 68 + 28)
-30
What is the value of -21 + (79 + -34 - 5)?
19
Calculate (38 - -22) + (-1 - 1) + -206 + 191.
43
Calculate -81 - (-24 - -46) - -46.
-57
What is (-5 - -28) + -11 + 5 + -42?
-25
Calculate 68 - (26 + 7 + (-23 - -6)).
52
Calculate (17 - -2) + -15 + -19 - -15 - (-5 + 132).
-127
Evaluate 11 + -4 - ((1 - (1 - 16)) + (-28 - -39)).
-20
(2 + -2 - 22) + 77 + 155 + -228
-18
Calculate 42 - (22 + -56 + 94).
-18
What is (14 - 0) + (5160 - 5171) + 0 + (-45 - -2)?
-40
Calculate 2 + -2 - (16 - (-16 + 0)).
-32
What is the value of 38 + (-2 - -85 - (28 + 7))?
86
Calculate -17 - (11 + (9 - 34) - 46).
43
What is (-4 + (40 - 23 - 14) - 2) + -53?
-56
What is the value of 71 - (93 - 55 - 20) - (-27 + 2)?
78
Calculate 19 + -82 + 52 + 9.
-2
(-38 - (11 + (-34 - -28) - (0 - -1))) + 3
-39
Calculate -1 + (21 - (12 + 2 + 6)).
0
-100 + 0 + 5593 + -5562
-69
What is the value of 633 - 699 - (-122 + 2)?
54
What is 34 + -14 + (-29 - -43)?
34
What is -254 - -352 - (0 + 0 + 34)?
64
What is 8 + -3 + -2 + 5 + -16 - (8 + -2)?
-14
2 + 0 + -85 + (43 - (4 - 9))
-35
Evaluate 10 + (1 - 3) - (12 + (15 - 12) + -5).
-2
What is the value of 54 - (7 - (11 + -3 + -4 - (1 + 1)))?
49
What is -69 - ((-31 - -108) + -221)?
75
(-17 - (0 + -1 + -16)) + -28
-28
What is the value of (65 - 28) + 87 + 22?
146
What is -2 - (-11 - -20) - (21 + -45 + 34)?
-21
What is the value of (39 - -3 - 8) + 609 + -663?
-20
Calculate 9 - 0 - ((8 - 14) + 5 + -10).
20
What is 54 + -72 + 46 + 8?
36
What is the value of -7 + 18 - ((-6 - -48) + (-1 - 1))?
-29
What is the value of 39 + (43 - (-24 + 73))?
33
Evaluate -4 - (5 - (24 + -2)) - (-12 + -105).
130
15 + (5 - (14 - 29)) - (0 - -12)
23
Calculate 33 - (27 - -8) - (-135 + (-8 - -8 - 3)).
136
Calculate -350 + (60 - -308) - (7 + (-4 - (0 - 2))).
13
Calculate -66 + 8 + (-105 - -112) + (0 - 6) + -13.
-70
-25 + (-4 - -2) + (-21 + 16 - -17)
-15
-27 + (-40 - 27) - -157
63
(-7 + 3 + -8 - -13) + -8 + 7
0
Calculate 5 + -1 + -5 + (-6 + 19 - 8) + -27.
-23
1 + 16 + 3 + (71 - 111)
-20
Calculate (1 - 30) + (-121 - -145) - (1 - 84).
78
Calculate (18 - 41) + (-2 - (9 + 5 + -16)).
-23
Evaluate -1 + 46 - (-15 - (46 - 62)).
44
What is the value of -74 - (48 + (-165 - -79))?
-36
Calculate (507 - 504) + -5 + 30.
28
What is (24 - -7) + -6 - (4 + (17 - 10))?
14
Evaluate (7 - (22 + -12 + -1)) + 11 + -30.
-21
(1 - (-92 - -64)) + -68
-39
4 - (-42 - (52 + -94))
4
Calculate 41 - (36 - 11 - 12) - 48.
-20
Evaluate -36 - ((-4 - -4) + -9 + -2 + 13 + 4).
-42
Calculate 79 - (-2 - (-21 - (6 - 2))).
56
What is -18 - (21 + 40 + -37)?
-42
What is 101 + (15 - 23) + (11 - 4) + -3 - 8?
89
Calculate 20 - 1 - (152 + -108 - 46).
21
(-35 - (-3 - (-4 + 6))) + -22 + 7 + 3
-42
Evaluate 8 + (9 - 15) + 47 - (-5 + 2).
52
What is the value of 10 + (-67 - (-4 - (5 + 0 + 0))) + -3?
-51
Calculate -1 + (10 - (2 - 0)) - (2964 + -3009).
52
Evaluate 8 + (-18 - -21 - (-1 - -4)) - (-7 - -1).
14
Evaluate -64 + (-70 - 5) + 76.
-63
21 + 6 + -12 + (-21 + 48 - 26)
16
Calculate 23 + -60 - ((-3 - (-4 - -5)) + 3).
-36
-18 - (-9 - (12 - (2 - -13 - 1)))
-11
What is 107 - 106 - (-1 + -2 - -54)?
-50
(31 - -11) + -47 - 32
-37
What is (16 + 7 - (204 + -142)) + 1 + (-2 - -8)?
-32
-26 + (-83 - (-10 + 59 + -29))
-129
Calculate -49 - (-133 + (-46 - -69)).
61
Calculate 4 - ((17 - 51) + 31 - (-42 + 0)).
-35
What